{"id":86,"date":"2008-06-05T09:43:44","date_gmt":"2008-06-05T08:43:44","guid":{"rendered":"http:\/\/www.b26-forchheim.de\/index.php\/amateurfunkrelais-im-umkreis"},"modified":"2015-04-23T20:24:31","modified_gmt":"2015-04-23T18:24:31","slug":"amateurfunkrelais-im-umkreis","status":"publish","type":"page","link":"https:\/\/www.b26-forchheim.de\/index.php\/amateurfunkrelais-im-umkreis","title":{"rendered":"Amateurfunkrelais"},"content":{"rendered":"<p>Auf Grund einer Anfrage am OV-Abend,\u00a0soll hier eine Liste\u00a0eingestellt werden, die mehr oder weniger den aktuellen Stand, der im OV-Gebiet erreichbaren Amateurfunk-Relaisstellen darstellt.<\/p>\n<p>Da das OV-Gebiet recht weitr\u00e4umig ist, und die Topographie sehr unterschiedlich, werden nat\u00fcrlich nicht alle Relaisfunkstellen an jedem beliebigen Ort h\u00f6rbar oder gar\u00a0erreichbar sein.<\/p>\n<p>Jeder der mag, kann die bei Ihm h\u00f6rbaren \/ erreichbaren Relais bei mir melden, damit sich das Bild abrundet.<br \/>\nDazu w\u00e4re es sch\u00f6n, die benutzte technische Ausr\u00fcstung (Ger\u00e4t \/ Antenne H\u00f6he \u00fcber Grund \/ \u00fcber N.N. \/ Sendeleistung zu erfahren.<\/p>\n<p>Wer einen \u00dcberblick der, am\u00a0eingebbaren Standort m\u00f6glicherweise erreichbaren Relais, Echolink-\u00a0und IRLP-Einstiege, oder Baken haben\u00a0m\u00f6chte,\u00a0kann \u00fcber den Link <a href=\"http:\/\/ham.darc.de\/echolink\/FM-Relais\/\" target=\"_blank\">http:\/\/ham.darc.de\/echolink\/FM-Relais\/<\/a>\u00a0\u00a0die sehr gut gepflegten Datenbanken des DARC und DL3EL\u00a0abfragen:<\/p>\n<p><a href=\"http:\/\/www.b26-forchheim.de\/wp-content\/uploads\/2011\/03\/darc_relaisabfrage.jpg\" target=\"_blank\"><img loading=\"lazy\" decoding=\"async\" style=\"width: 149px; height: 68px;\" src=\"http:\/\/www.b26-forchheim.de\/wp-content\/uploads\/2011\/03\/darc_relaisabfrage.thumbnail.jpg\" alt=\"darc_relaisabfrage.jpg\" width=\"240\" height=\"98\" \/><\/a>\u00a0(zum Vergr\u00f6\u00dfern, Vorschaubild anklicken)<\/p>\n<p>Der folgende Verweis <a href=\"http:\/\/relais.dl3el.de\" target=\"_blank\">http:\/\/relais.dl3el.de<\/a>\u00a0auf die Datenbank ist besonders gut f\u00fcr mobile Ger\u00e4te wie &#8218;Smartphones&#8216; nutzbar.<\/p>\n<p>Eine Abfrage aller Relais um den Locator JN59MS ergab am 31.03.2011\u00a0in folgender Datei gespeicherte\u00a0Ergebnisse: <a href=\"http:\/\/www.b26-forchheim.de\/wp-content\/uploads\/2011\/03\/relais_um_jn59ms.txt\" target=\"_blank\">relais_um_jn59ms.txt<\/a><\/p>\n<p>Info aktualisiert 31.03.2011: Peter dk8af@darc.de<\/p>\n","protected":false},"excerpt":{"rendered":"<p>Auf Grund einer Anfrage am OV-Abend,\u00a0soll hier eine Liste\u00a0eingestellt werden, die mehr oder weniger den aktuellen Stand, der im OV-Gebiet erreichbaren Amateurfunk-Relaisstellen darstellt. Da das OV-Gebiet recht weitr\u00e4umig ist, und die Topographie sehr unterschiedlich, werden nat\u00fcrlich nicht alle Relaisfunkstellen an jedem beliebigen Ort h\u00f6rbar oder gar\u00a0erreichbar sein. Jeder der mag, kann die bei Ihm h\u00f6rbaren [&hellip;]<\/p>\n","protected":false},"author":8,"featured_media":0,"parent":0,"menu_order":6,"comment_status":"closed","ping_status":"closed","template":"","meta":{"footnotes":""},"class_list":["post-86","page","type-page","status-publish","hentry"],"_links":{"self":[{"href":"https:\/\/www.b26-forchheim.de\/index.php\/wp-json\/wp\/v2\/pages\/86","targetHints":{"allow":["GET"]}}],"collection":[{"href":"https:\/\/www.b26-forchheim.de\/index.php\/wp-json\/wp\/v2\/pages"}],"about":[{"href":"https:\/\/www.b26-forchheim.de\/index.php\/wp-json\/wp\/v2\/types\/page"}],"author":[{"embeddable":true,"href":"https:\/\/www.b26-forchheim.de\/index.php\/wp-json\/wp\/v2\/users\/8"}],"replies":[{"embeddable":true,"href":"https:\/\/www.b26-forchheim.de\/index.php\/wp-json\/wp\/v2\/comments?post=86"}],"version-history":[{"count":1,"href":"https:\/\/www.b26-forchheim.de\/index.php\/wp-json\/wp\/v2\/pages\/86\/revisions"}],"predecessor-version":[{"id":2560,"href":"https:\/\/www.b26-forchheim.de\/index.php\/wp-json\/wp\/v2\/pages\/86\/revisions\/2560"}],"wp:attachment":[{"href":"https:\/\/www.b26-forchheim.de\/index.php\/wp-json\/wp\/v2\/media?parent=86"}],"curies":[{"name":"wp","href":"https:\/\/api.w.org\/{rel}","templated":true}]}}