{"id":3190,"date":"2019-01-18T08:49:07","date_gmt":"2019-01-18T07:49:07","guid":{"rendered":"http:\/\/www.b26-forchheim.de\/?page_id=3190"},"modified":"2019-01-18T09:29:49","modified_gmt":"2019-01-18T08:29:49","slug":"dj7wj-silent-key","status":"publish","type":"page","link":"https:\/\/www.b26-forchheim.de\/index.php\/ov-chronik\/dj7wj-silent-key","title":{"rendered":"DJ7WJ &#8211; Silent Key"},"content":{"rendered":"<p>Am 1. April 2017 verstarb nach schwerer Krankheit unser OV-Mitglied, Gr\u00fcndungs-OVV und Freund, Josef Hofmann, DJ7WJ im Alter von 81 Jahren.<\/p>\n<p><a href=\"http:\/\/www.b26-forchheim.de\/wp-content\/uploads\/2019\/01\/2014_03_01_DJ7WJ_an_seiner_kleinen_Station.jpg\"><img loading=\"lazy\" decoding=\"async\" class=\"aligncenter wp-image-3199 size-medium\" src=\"http:\/\/www.b26-forchheim.de\/wp-content\/uploads\/2019\/01\/2014_03_01_DJ7WJ_an_seiner_kleinen_Station-300x225.jpg\" alt=\"\" width=\"300\" height=\"225\" srcset=\"https:\/\/www.b26-forchheim.de\/wp-content\/uploads\/2019\/01\/2014_03_01_DJ7WJ_an_seiner_kleinen_Station-300x225.jpg 300w, https:\/\/www.b26-forchheim.de\/wp-content\/uploads\/2019\/01\/2014_03_01_DJ7WJ_an_seiner_kleinen_Station-768x576.jpg 768w, https:\/\/www.b26-forchheim.de\/wp-content\/uploads\/2019\/01\/2014_03_01_DJ7WJ_an_seiner_kleinen_Station-1024x768.jpg 1024w\" sizes=\"auto, (max-width: 300px) 100vw, 300px\" \/><\/a><\/p>\n<p>Josef trat 1962 in den OV Erlangen B08 ein und erreichte durch seine Beharrlichkeit, dass im Januar 1966 der OV Forchheim B26 in seiner Heimatstadt gegr\u00fcndet werden konnte (siehe auch im Artikel &#8222;Chronik&#8220;).<\/p>\n<p>Er war noch bis vor einigen Monaten regelm\u00e4\u00dfig mit seiner kleinen Funkanlage mit sehr begrenzten Antennenm\u00f6glichkeiten aus dem Zimmer im Senioren- und Pflegeheim QRV, und konnte so zumindest \u00fcber 2m-Relais mit seinem OV in Kontakt bleiben.<\/p>\n<p>Leider konnte er krankheitsbedingt die Distriktversammlung zur Feier des 50. OV-Jubil\u00e4ums des OV Forchheim B26 am 30.10.2016 nicht mehr besuchen.<\/p>\n<p>Wir werden Josef in guter Erinnerung behalten.<\/p>\n<p>Peter Ahrbecker<br \/>\nOrtsverbandsvorsitzender<\/p>\n<p>Info 20.04.2017: dk8af@darc.de<\/p>\n","protected":false},"excerpt":{"rendered":"<p>Am 1. April 2017 verstarb nach schwerer Krankheit unser OV-Mitglied, Gr\u00fcndungs-OVV und Freund, Josef Hofmann, DJ7WJ im Alter von 81 Jahren. Josef trat 1962 in den OV Erlangen B08 ein und erreichte durch seine Beharrlichkeit, dass im Januar 1966 der OV Forchheim B26 in seiner Heimatstadt gegr\u00fcndet werden konnte (siehe auch im Artikel &#8222;Chronik&#8220;). Er [&hellip;]<\/p>\n","protected":false},"author":8,"featured_media":0,"parent":121,"menu_order":5,"comment_status":"closed","ping_status":"closed","template":"","meta":{"footnotes":""},"class_list":["post-3190","page","type-page","status-publish","hentry"],"_links":{"self":[{"href":"https:\/\/www.b26-forchheim.de\/index.php\/wp-json\/wp\/v2\/pages\/3190","targetHints":{"allow":["GET"]}}],"collection":[{"href":"https:\/\/www.b26-forchheim.de\/index.php\/wp-json\/wp\/v2\/pages"}],"about":[{"href":"https:\/\/www.b26-forchheim.de\/index.php\/wp-json\/wp\/v2\/types\/page"}],"author":[{"embeddable":true,"href":"https:\/\/www.b26-forchheim.de\/index.php\/wp-json\/wp\/v2\/users\/8"}],"replies":[{"embeddable":true,"href":"https:\/\/www.b26-forchheim.de\/index.php\/wp-json\/wp\/v2\/comments?post=3190"}],"version-history":[{"count":8,"href":"https:\/\/www.b26-forchheim.de\/index.php\/wp-json\/wp\/v2\/pages\/3190\/revisions"}],"predecessor-version":[{"id":3208,"href":"https:\/\/www.b26-forchheim.de\/index.php\/wp-json\/wp\/v2\/pages\/3190\/revisions\/3208"}],"up":[{"embeddable":true,"href":"https:\/\/www.b26-forchheim.de\/index.php\/wp-json\/wp\/v2\/pages\/121"}],"wp:attachment":[{"href":"https:\/\/www.b26-forchheim.de\/index.php\/wp-json\/wp\/v2\/media?parent=3190"}],"curies":[{"name":"wp","href":"https:\/\/api.w.org\/{rel}","templated":true}]}}

<p>Am 1. April 2017 verstarb nach schwerer Krankheit unser OV-Mitglied, Gründungs-OVV und Freund, Josef Hofmann, DJ7WJ im Alter von 81 Jahren.</p>
<p><a href="http://www.b26-forchheim.de/wp-content/uploads/2019/01/2014_03_01_DJ7WJ_an_seiner_kleinen_Station.jpg"><img loading="lazy" decoding="async" class="aligncenter wp-image-3199 size-medium" src="http://www.b26-forchheim.de/wp-content/uploads/2019/01/2014_03_01_DJ7WJ_an_seiner_kleinen_Station-300x225.jpg" alt="" width="300" height="225" srcset="https://www.b26-forchheim.de/wp-content/uploads/2019/01/2014_03_01_DJ7WJ_an_seiner_kleinen_Station-300x225.jpg 300w, https://www.b26-forchheim.de/wp-content/uploads/2019/01/2014_03_01_DJ7WJ_an_seiner_kleinen_Station-768x576.jpg 768w, https://www.b26-forchheim.de/wp-content/uploads/2019/01/2014_03_01_DJ7WJ_an_seiner_kleinen_Station-1024x768.jpg 1024w" sizes="auto, (max-width: 300px) 100vw, 300px" /></a></p>
<p>Josef trat 1962 in den OV Erlangen B08 ein und erreichte durch seine Beharrlichkeit, dass im Januar 1966 der OV Forchheim B26 in seiner Heimatstadt gegründet werden konnte (siehe auch im Artikel &#8222;Chronik&#8220;).</p>
<p>Er war noch bis vor einigen Monaten regelmäßig mit seiner kleinen Funkanlage mit sehr begrenzten Antennenmöglichkeiten aus dem Zimmer im Senioren- und Pflegeheim QRV, und konnte so zumindest über 2m-Relais mit seinem OV in Kontakt bleiben.</p>
<p>Leider konnte er krankheitsbedingt die Distriktversammlung zur Feier des 50. OV-Jubiläums des OV Forchheim B26 am 30.10.2016 nicht mehr besuchen.</p>
<p>Wir werden Josef in guter Erinnerung behalten.</p>
<p>Peter Ahrbecker<br />
Ortsverbandsvorsitzender</p>
<p>Info 20.04.2017: dk8af@darc.de</p>

<p>Am 1. April 2017 verstarb nach schwerer Krankheit unser OV-Mitglied, Gründungs-OVV und Freund, Josef Hofmann, DJ7WJ im Alter von 81 Jahren. Josef trat 1962 in den OV Erlangen B08 ein und erreichte durch seine Beharrlichkeit, dass im Januar 1966 der OV Forchheim B26 in seiner Heimatstadt gegründet werden konnte (siehe auch im Artikel &#8222;Chronik&#8220;). Er [&hellip;]</p>
