{"id":178,"date":"2008-11-10T14:09:40","date_gmt":"2008-11-10T13:09:40","guid":{"rendered":"http:\/\/www.b26-forchheim.de\/index.php\/df2ny-silent-key"},"modified":"2019-01-18T09:56:55","modified_gmt":"2019-01-18T08:56:55","slug":"df2ny-silent-key","status":"publish","type":"page","link":"https:\/\/www.b26-forchheim.de\/index.php\/ov-chronik\/df2ny-silent-key","title":{"rendered":"DF2NY &#8211; Silent Key"},"content":{"rendered":"<p>Der Ortsverband Forchheim trauert um sein langj\u00e4hriges Mitglied und Funktionstr\u00e4ger<\/p>\n<p>OM Hans Franke, DF2NY.<\/p>\n<p>Hans verstarb v\u00f6llig\u00a0unerwartet am 7. November 2008 im Alter von\u00a067 Jahren.<\/p>\n<p><img decoding=\"async\" src=\"http:\/\/www.b26-forchheim.de\/wp-content\/uploads\/2008\/11\/df2ny_hans_aatis-seminar_05_2008.JPG\" alt=\"df2ny_hans_aatis-seminar_05_2008.JPG\" \/><\/p>\n<p>Der Trauergottesdienst fand am Mittwoch, 12.November um 14:00 MEZ Uhr in St. Peter und Paul in Langensendelbach statt.<\/p>\n<p>Nach der Messe\u00a0erfolgte gegen 15:00 die Beisetzung auf dem &#8222;Neuen Friedhof&#8220; an der Verbindungsstrasse zwischen Langensendelbach und Br\u00e4uningshof.<br \/>\nWir danken zahlreichen Funkamateuren aus Nah und Fern, das Sie unseren Hans auf\u00a0seinem letzten Weg begleitet haben.<\/p>\n<p>Peter Ahrbecker<br \/>\nOrtsverbandsvorsitzender<\/p>\n<p>Info 13.11. 2008:\u00a0dk8af@darc.de<\/p>\n","protected":false},"excerpt":{"rendered":"<p>Der Ortsverband Forchheim trauert um sein langj\u00e4hriges Mitglied und Funktionstr\u00e4ger OM Hans Franke, DF2NY. Hans verstarb v\u00f6llig\u00a0unerwartet am 7. November 2008 im Alter von\u00a067 Jahren. Der Trauergottesdienst fand am Mittwoch, 12.November um 14:00 MEZ Uhr in St. Peter und Paul in Langensendelbach statt. Nach der Messe\u00a0erfolgte gegen 15:00 die Beisetzung auf dem &#8222;Neuen Friedhof&#8220; an [&hellip;]<\/p>\n","protected":false},"author":8,"featured_media":0,"parent":121,"menu_order":2,"comment_status":"closed","ping_status":"closed","template":"","meta":{"footnotes":""},"class_list":["post-178","page","type-page","status-publish","hentry"],"_links":{"self":[{"href":"https:\/\/www.b26-forchheim.de\/index.php\/wp-json\/wp\/v2\/pages\/178","targetHints":{"allow":["GET"]}}],"collection":[{"href":"https:\/\/www.b26-forchheim.de\/index.php\/wp-json\/wp\/v2\/pages"}],"about":[{"href":"https:\/\/www.b26-forchheim.de\/index.php\/wp-json\/wp\/v2\/types\/page"}],"author":[{"embeddable":true,"href":"https:\/\/www.b26-forchheim.de\/index.php\/wp-json\/wp\/v2\/users\/8"}],"replies":[{"embeddable":true,"href":"https:\/\/www.b26-forchheim.de\/index.php\/wp-json\/wp\/v2\/comments?post=178"}],"version-history":[{"count":3,"href":"https:\/\/www.b26-forchheim.de\/index.php\/wp-json\/wp\/v2\/pages\/178\/revisions"}],"predecessor-version":[{"id":3215,"href":"https:\/\/www.b26-forchheim.de\/index.php\/wp-json\/wp\/v2\/pages\/178\/revisions\/3215"}],"up":[{"embeddable":true,"href":"https:\/\/www.b26-forchheim.de\/index.php\/wp-json\/wp\/v2\/pages\/121"}],"wp:attachment":[{"href":"https:\/\/www.b26-forchheim.de\/index.php\/wp-json\/wp\/v2\/media?parent=178"}],"curies":[{"name":"wp","href":"https:\/\/api.w.org\/{rel}","templated":true}]}}