{"id":15,"date":"2008-02-22T22:20:13","date_gmt":"2008-02-22T21:20:13","guid":{"rendered":"http:\/\/www.b26-forchheim.de\/index.php\/kontakt"},"modified":"2026-04-02T13:42:27","modified_gmt":"2026-04-02T11:42:27","slug":"kontakt","status":"publish","type":"page","link":"https:\/\/www.b26-forchheim.de\/index.php\/kontakt","title":{"rendered":"Kontakt"},"content":{"rendered":"<p style=\"clear: both;\"><strong>Ortsverbandsvorsitzender:<br \/>\n<\/strong><br \/>\n<img decoding=\"async\" style=\"padding-right: 5px; float: left;\" src=\"http:\/\/www.b26-forchheim.de\/wp-content\/uploads\/2008\/03\/nv_na.thumbnail.jpg\" alt=\"Kein Bild vorhanden\" width=\"80\" \/><br \/>\nChristoph Reck<br \/>\nDL7CR<br \/>\nWillersdorfer Str. 7<br \/>\n91336 Heroldsbach<br \/>\nemail: dl7cr(at)darc.de<\/p>\n<p style=\"clear: both; padding-top: 20px;\"><strong>Stellvertretender Ortsverbandsvorsitzender:<\/strong><\/p>\n<p><img decoding=\"async\" style=\"padding-right: 5px; float: left;\" src=\"http:\/\/www.b26-forchheim.de\/wp-content\/uploads\/2008\/03\/nv_na.thumbnail.jpg\" alt=\"Kein Bild vorhanden\" width=\"80\" \/><br \/>\nRobert Steinh\u00e4u\u00dfer<br \/>\nDL1NC<br \/>\nGro\u00dfer Weiher 15<br \/>\n91301 Forchheim<br \/>\nemail:dl1nc(at)darc.de<\/p>\n<p style=\"clear: both; padding-top: 20px;\"><strong>Kassier:<\/strong><br \/>\n<img decoding=\"async\" style=\"padding-right: 5px; float: left;\" src=\"http:\/\/www.b26-forchheim.de\/wp-content\/uploads\/2008\/03\/nv_na.thumbnail.jpg\" alt=\"Kein Bild vorhanden\" width=\"80\" \/><br \/>\nHerbert Kemeth<br \/>\nDL4NAK<br \/>\nAm Dorfgarten 44<br \/>\n91353 Hausen<br \/>\nTel.: 0 91 91 \/ 43 25<br \/>\nemail:dl4nak(at)darc.de<\/p>\n<p style=\"clear: both; padding-top: 20px;\"><strong>QSL und Diplom-Manager:<\/strong><br \/>\n<img loading=\"lazy\" decoding=\"async\" class=\"\" style=\"padding-right: 5px; float: left;\" src=\"http:\/\/www.b26-forchheim.de\/wp-content\/uploads\/2008\/02\/dg2nbn.jpg\" alt=\"Dieter Puchinger - DG2NBN\" width=\"105\" height=\"123\" \/><br \/>\nDieter Puchinger<br \/>\nDG2NBN<br \/>\nAngerstr. 10a<br \/>\n91301 Forchheim<\/p>\n<p style=\"clear: both; padding-top: 20px;\"><strong>QSL-Karten ausgehend:<\/strong><br \/>\n<img loading=\"lazy\" decoding=\"async\" class=\"\" style=\"padding-right: 5px; float: left;\" src=\"http:\/\/www.b26-forchheim.de\/wp-content\/uploads\/2011\/11\/dg5newthumbnail.jpg\" alt=\"Michael Wendler - DG5NEW\" width=\"104\" height=\"129\" \/><br \/>\nMichael Wendler<br \/>\nDG5NEW<\/p>\n<p style=\"clear: both; padding-top: 20px;\"><strong>Notfunkreferent:<\/strong><br \/>\n<img decoding=\"async\" style=\"padding-right: 5px; float: left;\" src=\"http:\/\/www.b26-forchheim.de\/wp-content\/uploads\/2008\/03\/nv_na.thumbnail.jpg\" alt=\"Kein Bild vorhanden\" width=\"80\" \/><br \/>\nDr. Hans Hei\u00dfenstein<br \/>\nDF1NAB<\/p>\n<p style=\"clear: both; padding-top: 20px;\"><strong>Technikreferent:<\/strong><br \/>\n<img decoding=\"async\" style=\"padding-right: 5px; float: left;\" src=\"http:\/\/www.b26-forchheim.de\/wp-content\/uploads\/2008\/03\/nv_na.thumbnail.jpg\" alt=\"Kein Bild vorhanden\" width=\"80\" \/><br \/>\nDr. Winfried Fricke<br \/>\nDK8NF<\/p>\n","protected":false},"excerpt":{"rendered":"<p>Ortsverbandsvorsitzender: Christoph Reck DL7CR Willersdorfer Str. 7 91336 Heroldsbach email: dl7cr(at)darc.de Stellvertretender Ortsverbandsvorsitzender: Robert Steinh\u00e4u\u00dfer DL1NC Gro\u00dfer Weiher 15 91301 Forchheim email:dl1nc(at)darc.de Kassier: Herbert Kemeth DL4NAK Am Dorfgarten 44 91353 Hausen Tel.: 0 91 91 \/ 43 25 email:dl4nak(at)darc.de QSL und Diplom-Manager: Dieter Puchinger DG2NBN Angerstr. 10a 91301 Forchheim QSL-Karten ausgehend: Michael Wendler DG5NEW Notfunkreferent: [&hellip;]<\/p>\n","protected":false},"author":1,"featured_media":0,"parent":0,"menu_order":8,"comment_status":"closed","ping_status":"closed","template":"","meta":{"footnotes":""},"class_list":["post-15","page","type-page","status-publish","hentry"],"_links":{"self":[{"href":"https:\/\/www.b26-forchheim.de\/index.php\/wp-json\/wp\/v2\/pages\/15","targetHints":{"allow":["GET"]}}],"collection":[{"href":"https:\/\/www.b26-forchheim.de\/index.php\/wp-json\/wp\/v2\/pages"}],"about":[{"href":"https:\/\/www.b26-forchheim.de\/index.php\/wp-json\/wp\/v2\/types\/page"}],"author":[{"embeddable":true,"href":"https:\/\/www.b26-forchheim.de\/index.php\/wp-json\/wp\/v2\/users\/1"}],"replies":[{"embeddable":true,"href":"https:\/\/www.b26-forchheim.de\/index.php\/wp-json\/wp\/v2\/comments?post=15"}],"version-history":[{"count":16,"href":"https:\/\/www.b26-forchheim.de\/index.php\/wp-json\/wp\/v2\/pages\/15\/revisions"}],"predecessor-version":[{"id":3528,"href":"https:\/\/www.b26-forchheim.de\/index.php\/wp-json\/wp\/v2\/pages\/15\/revisions\/3528"}],"wp:attachment":[{"href":"https:\/\/www.b26-forchheim.de\/index.php\/wp-json\/wp\/v2\/media?parent=15"}],"curies":[{"name":"wp","href":"https:\/\/api.w.org\/{rel}","templated":true}]}}

<p style="clear: both;"><strong>Ortsverbandsvorsitzender:<br />
</strong><br />
<img decoding="async" style="padding-right: 5px; float: left;" src="http://www.b26-forchheim.de/wp-content/uploads/2008/03/nv_na.thumbnail.jpg" alt="Kein Bild vorhanden" width="80" /><br />
Christoph Reck<br />
DL7CR<br />
Willersdorfer Str. 7<br />
91336 Heroldsbach<br />
email: dl7cr(at)darc.de</p>
<p style="clear: both; padding-top: 20px;"><strong>Stellvertretender Ortsverbandsvorsitzender:</strong></p>
<p><img decoding="async" style="padding-right: 5px; float: left;" src="http://www.b26-forchheim.de/wp-content/uploads/2008/03/nv_na.thumbnail.jpg" alt="Kein Bild vorhanden" width="80" /><br />
Robert Steinhäußer<br />
DL1NC<br />
Großer Weiher 15<br />
91301 Forchheim<br />
email:dl1nc(at)darc.de</p>
<p style="clear: both; padding-top: 20px;"><strong>Kassier:</strong><br />
<img decoding="async" style="padding-right: 5px; float: left;" src="http://www.b26-forchheim.de/wp-content/uploads/2008/03/nv_na.thumbnail.jpg" alt="Kein Bild vorhanden" width="80" /><br />
Herbert Kemeth<br />
DL4NAK<br />
Am Dorfgarten 44<br />
91353 Hausen<br />
Tel.: 0 91 91 / 43 25<br />
email:dl4nak(at)darc.de</p>
<p style="clear: both; padding-top: 20px;"><strong>QSL und Diplom-Manager:</strong><br />
<img loading="lazy" decoding="async" class="" style="padding-right: 5px; float: left;" src="http://www.b26-forchheim.de/wp-content/uploads/2008/02/dg2nbn.jpg" alt="Dieter Puchinger - DG2NBN" width="105" height="123" /><br />
Dieter Puchinger<br />
DG2NBN<br />
Angerstr. 10a<br />
91301 Forchheim</p>
<p style="clear: both; padding-top: 20px;"><strong>QSL-Karten ausgehend:</strong><br />
<img loading="lazy" decoding="async" class="" style="padding-right: 5px; float: left;" src="http://www.b26-forchheim.de/wp-content/uploads/2011/11/dg5newthumbnail.jpg" alt="Michael Wendler - DG5NEW" width="104" height="129" /><br />
Michael Wendler<br />
DG5NEW</p>
<p style="clear: both; padding-top: 20px;"><strong>Notfunkreferent:</strong><br />
<img decoding="async" style="padding-right: 5px; float: left;" src="http://www.b26-forchheim.de/wp-content/uploads/2008/03/nv_na.thumbnail.jpg" alt="Kein Bild vorhanden" width="80" /><br />
Dr. Hans Heißenstein<br />
DF1NAB</p>
<p style="clear: both; padding-top: 20px;"><strong>Technikreferent:</strong><br />
<img decoding="async" style="padding-right: 5px; float: left;" src="http://www.b26-forchheim.de/wp-content/uploads/2008/03/nv_na.thumbnail.jpg" alt="Kein Bild vorhanden" width="80" /><br />
Dr. Winfried Fricke<br />
DK8NF</p>

<p>Ortsverbandsvorsitzender: Christoph Reck DL7CR Willersdorfer Str. 7 91336 Heroldsbach email: dl7cr(at)darc.de Stellvertretender Ortsverbandsvorsitzender: Robert Steinhäußer DL1NC Großer Weiher 15 91301 Forchheim email:dl1nc(at)darc.de Kassier: Herbert Kemeth DL4NAK Am Dorfgarten 44 91353 Hausen Tel.: 0 91 91 / 43 25 email:dl4nak(at)darc.de QSL und Diplom-Manager: Dieter Puchinger DG2NBN Angerstr. 10a 91301 Forchheim QSL-Karten ausgehend: Michael Wendler DG5NEW Notfunkreferent: [&hellip;]</p>
